[INFO] fetching crate rs-docker 0.0.58...
[INFO] checking rs-docker-0.0.58 against try#72f88fc4e9458f89516a0b8b0868f3718aec5b47 for pr-74989
[INFO] extracting crate rs-docker 0.0.58 into /workspace/builds/worker-0/source
[INFO] validating manifest of crates.io crate rs-docker 0.0.58 on toolchain 72f88fc4e9458f89516a0b8b0868f3718aec5b47
[INFO] running `Command { std: "/workspace/cargo-home/bin/cargo" "+72f88fc4e9458f89516a0b8b0868f3718aec5b47" "read-manifest" "--manifest-path" "Cargo.toml", kill_on_drop: false }`
[INFO] started tweaking crates.io crate rs-docker 0.0.58
[INFO] finished tweaking crates.io crate rs-docker 0.0.58
[INFO] tweaked toml for crates.io crate rs-docker 0.0.58 written to /workspace/builds/worker-0/source/Cargo.toml
[INFO] running `Command { std: "/workspace/cargo-home/bin/cargo" "+72f88fc4e9458f89516a0b8b0868f3718aec5b47" "generate-lockfile" "--manifest-path" "Cargo.toml" "-Zno-index-update", kill_on_drop: false }`
[INFO] running `Command { std: "/workspace/cargo-home/bin/cargo" "+72f88fc4e9458f89516a0b8b0868f3718aec5b47" "fetch" "--locked" "--manifest-path" "Cargo.toml", kill_on_drop: false }`
[INFO] running `Command { std: "docker" "create" "-v" "/var/lib/crater-agent-workspace/builds/worker-0/target:/opt/rustwide/target:rw,Z" "-v" "/var/lib/crater-agent-workspace/builds/worker-0/source:/opt/rustwide/workdir:ro,Z" "-v" "/var/lib/crater-agent-workspace/cargo-home:/opt/rustwide/cargo-home:ro,Z" "-v" "/var/lib/crater-agent-workspace/rustup-home:/opt/rustwide/rustup-home:ro,Z" "-e" "SOURCE_DIR=/opt/rustwide/workdir" "-e" "CARGO_TARGET_DIR=/opt/rustwide/target" "-e" "CARGO_HOME=/opt/rustwide/cargo-home" "-e" "RUSTUP_HOME=/opt/rustwide/rustup-home" "-w" "/opt/rustwide/workdir" "-m" "1610612736" "--user" "0:0" "--network" "none" "rustops/crates-build-env@sha256:d92eaeed33fa75130ca1ee6c8a01d1ffb62bac859dfdfb3450e3e5d1c0146529" "/opt/rustwide/cargo-home/bin/cargo" "+72f88fc4e9458f89516a0b8b0868f3718aec5b47" "metadata" "--no-deps" "--format-version=1", kill_on_drop: false }`
[INFO] [stdout] 06035b7d5b982f4ff0dfcd51ea828e756917fa8a605a18281cd2bfe990241144
[INFO] [stderr] WARNING: Your kernel does not support swap limit capabilities or the cgroup is not mounted. Memory limited without swap.
[INFO] running `Command { std: "docker" "start" "-a" "06035b7d5b982f4ff0dfcd51ea828e756917fa8a605a18281cd2bfe990241144", kill_on_drop: false }`
[INFO] running `Command { std: "docker" "inspect" "06035b7d5b982f4ff0dfcd51ea828e756917fa8a605a18281cd2bfe990241144", kill_on_drop: false }`
[INFO] running `Command { std: "docker" "rm" "-f" "06035b7d5b982f4ff0dfcd51ea828e756917fa8a605a18281cd2bfe990241144", kill_on_drop: false }`
[INFO] [stdout] 06035b7d5b982f4ff0dfcd51ea828e756917fa8a605a18281cd2bfe990241144
[INFO] running `Command { std: "docker" "create" "-v" "/var/lib/crater-agent-workspace/builds/worker-0/target:/opt/rustwide/target:rw,Z" "-v" "/var/lib/crater-agent-workspace/builds/worker-0/source:/opt/rustwide/workdir:ro,Z" "-v" "/var/lib/crater-agent-workspace/cargo-home:/opt/rustwide/cargo-home:ro,Z" "-v" "/var/lib/crater-agent-workspace/rustup-home:/opt/rustwide/rustup-home:ro,Z" "-e" "SOURCE_DIR=/opt/rustwide/workdir" "-e" "CARGO_TARGET_DIR=/opt/rustwide/target" "-e" "CARGO_INCREMENTAL=0" "-e" "RUST_BACKTRACE=full" "-e" "RUSTFLAGS=--cap-lints=forbid" "-e" "CARGO_HOME=/opt/rustwide/cargo-home" "-e" "RUSTUP_HOME=/opt/rustwide/rustup-home" "-w" "/opt/rustwide/workdir" "-m" "1610612736" "--user" "0:0" "--network" "none" "rustops/crates-build-env@sha256:d92eaeed33fa75130ca1ee6c8a01d1ffb62bac859dfdfb3450e3e5d1c0146529" "/opt/rustwide/cargo-home/bin/cargo" "+72f88fc4e9458f89516a0b8b0868f3718aec5b47" "check" "--frozen" "--all" "--all-targets" "--message-format=json", kill_on_drop: false }`
[INFO] [stdout] 31b589c3598c69556b850b37274aa509f319d8f4c2164bd3db046bfaff0c9c3b
[INFO] [stderr] WARNING: Your kernel does not support swap limit capabilities or the cgroup is not mounted. Memory limited without swap.
[INFO] running `Command { std: "docker" "start" "-a" "31b589c3598c69556b850b37274aa509f319d8f4c2164bd3db046bfaff0c9c3b", kill_on_drop: false }`
[INFO] [stderr]    Compiling autocfg v1.0.1
[INFO] [stderr]    Compiling log v0.4.11
[INFO] [stderr]     Checking either v1.6.0
[INFO] [stderr]     Checking itoa v0.4.6
[INFO] [stderr]    Compiling proc-macro2 v1.0.21
[INFO] [stderr]     Checking hashbrown v0.9.0
[INFO] [stderr]    Compiling httparse v1.3.4
[INFO] [stderr]     Checking iovec v0.1.4
[INFO] [stderr]     Checking num_cpus v1.13.0
[INFO] [stderr]     Checking net2 v0.2.35
[INFO] [stderr]     Checking time v0.1.44
[INFO] [stderr]    Compiling hyper v0.12.35
[INFO] [stderr]     Checking parking_lot_core v0.6.2
[INFO] [stderr]     Checking futures-cpupool v0.1.8
[INFO] [stderr]     Checking serde_json v1.0.57
[INFO] [stderr]     Checking bytes v0.4.12
[INFO] [stderr]     Checking parking_lot v0.9.0
[INFO] [stderr]    Compiling crossbeam-utils v0.7.2
[INFO] [stderr]    Compiling memoffset v0.5.5
[INFO] [stderr]    Compiling crossbeam-epoch v0.8.2
[INFO] [stderr]    Compiling indexmap v1.6.0
[INFO] [stderr]     Checking mio v0.6.22
[INFO] [stderr]     Checking want v0.2.0
[INFO] [stderr]     Checking tokio-io v0.1.13
[INFO] [stderr]     Checking http v0.1.21
[INFO] [stderr]     Checking string v0.2.1
[INFO] [stderr]     Checking tokio-buf v0.1.1
[INFO] [stderr]    Compiling quote v1.0.7
[INFO] [stderr]     Checking tokio-codec v0.1.2
[INFO] [stderr]     Checking tokio-executor v0.1.10
[INFO] [stderr]     Checking crossbeam-queue v0.2.3
[INFO] [stderr]     Checking mio-uds v0.6.8
[INFO] [stderr]    Compiling syn v1.0.40
[INFO] [stderr]     Checking tokio-reactor v0.1.12
[INFO] [stderr]     Checking tokio-current-thread v0.1.7
[INFO] [stderr]     Checking tokio-timer v0.2.13
[INFO] [stderr]     Checking crossbeam-deque v0.7.3
[INFO] [stderr]     Checking tokio-threadpool v0.1.18
[INFO] [stderr]     Checking tokio-uds v0.2.7
[INFO] [stderr]     Checking tokio-tcp v0.1.4
[INFO] [stderr]     Checking tokio-udp v0.1.6
[INFO] [stderr]     Checking tokio-fs v0.1.7
[INFO] [stderr]     Checking tokio v0.1.22
[INFO] [stderr]     Checking h2 v0.1.26
[INFO] [stderr]     Checking http-body v0.1.0
[INFO] [stderr]     Checking tokio-core v0.1.17
[INFO] [stderr]    Compiling serde_derive v1.0.116
[INFO] [stderr]     Checking hyperlocal v0.6.0
[INFO] [stderr]     Checking rs-docker v0.0.58 (/opt/rustwide/workdir)
[INFO] [stdout] error[E0432]: unresolved import `container`
[INFO] [stdout]  --> src/test.rs:2:5
[INFO] [stdout]   |
[INFO] [stdout] 2 | use container::{Container, ContainerInfo};
[INFO] [stdout]   |     ^^^^^^^^^ help: a similar path exists: `crate::container`
[INFO] [stdout]   |
[INFO] [stdout]   = note: `use` statements changed in Rust 2018; read more at <https://doc.rust-lang.org/edition-guide/rust-2018/module-system/path-clarity.html>
[INFO] [stdout] 
[INFO] [stdout] 
[INFO] [stdout] error[E0432]: unresolved import `network`
[INFO] [stdout]  --> src/test.rs:4:5
[INFO] [stdout]   |
[INFO] [stdout] 4 | use network::Network;
[INFO] [stdout]   |     ^^^^^^^ help: a similar path exists: `crate::network`
[INFO] [stdout]   |
[INFO] [stdout]   = note: `use` statements changed in Rust 2018; read more at <https://doc.rust-lang.org/edition-guide/rust-2018/module-system/path-clarity.html>
[INFO] [stdout] 
[INFO] [stdout] 
[INFO] [stdout] error[E0432]: unresolved import `process`
[INFO] [stdout]  --> src/test.rs:6:5
[INFO] [stdout]   |
[INFO] [stdout] 6 | use process::{Top};
[INFO] [stdout]   |     ^^^^^^^ help: a similar path exists: `crate::process`
[INFO] [stdout]   |
[INFO] [stdout]   = note: `use` statements changed in Rust 2018; read more at <https://doc.rust-lang.org/edition-guide/rust-2018/module-system/path-clarity.html>
[INFO] [stdout] 
[INFO] [stdout] 
[INFO] [stdout] error[E0432]: unresolved import `stats`
[INFO] [stdout]  --> src/test.rs:8:5
[INFO] [stdout]   |
[INFO] [stdout] 8 | use stats::Stats;
[INFO] [stdout]   |     ^^^^^ help: a similar path exists: `crate::stats`
[INFO] [stdout]   |
[INFO] [stdout]   = note: `use` statements changed in Rust 2018; read more at <https://doc.rust-lang.org/edition-guide/rust-2018/module-system/path-clarity.html>
[INFO] [stdout] 
[INFO] [stdout] 
[INFO] [stdout] error[E0432]: unresolved import `system`
[INFO] [stdout]   --> src/test.rs:10:5
[INFO] [stdout]    |
[INFO] [stdout] 10 | use system::SystemInfo;
[INFO] [stdout]    |     ^^^^^^ help: a similar path exists: `crate::system`
[INFO] [stdout]    |
[INFO] [stdout]    = note: `use` statements changed in Rust 2018; read more at <https://doc.rust-lang.org/edition-guide/rust-2018/module-system/path-clarity.html>
[INFO] [stdout] 
[INFO] [stdout] 
[INFO] [stdout] error[E0432]: unresolved import `image`
[INFO] [stdout]   --> src/test.rs:12:5
[INFO] [stdout]    |
[INFO] [stdout] 12 | use image::Image;
[INFO] [stdout]    |     ^^^^^ help: a similar path exists: `crate::image`
[INFO] [stdout]    |
[INFO] [stdout]    = note: `use` statements changed in Rust 2018; read more at <https://doc.rust-lang.org/edition-guide/rust-2018/module-system/path-clarity.html>
[INFO] [stdout] 
[INFO] [stdout] 
[INFO] [stdout] error[E0432]: unresolved import `filesystem`
[INFO] [stdout]   --> src/test.rs:14:5
[INFO] [stdout]    |
[INFO] [stdout] 14 | use filesystem::FilesystemChange;
[INFO] [stdout]    |     ^^^^^^^^^^ help: a similar path exists: `crate::filesystem`
[INFO] [stdout]    |
[INFO] [stdout]    = note: `use` statements changed in Rust 2018; read more at <https://doc.rust-lang.org/edition-guide/rust-2018/module-system/path-clarity.html>
[INFO] [stdout] 
[INFO] [stdout] 
[INFO] [stdout] error[E0432]: unresolved import `version`
[INFO] [stdout]   --> src/test.rs:16:5
[INFO] [stdout]    |
[INFO] [stdout] 16 | use version::Version;
[INFO] [stdout]    |     ^^^^^^^ help: a similar path exists: `crate::version`
[INFO] [stdout]    |
[INFO] [stdout]    = note: `use` statements changed in Rust 2018; read more at <https://doc.rust-lang.org/edition-guide/rust-2018/module-system/path-clarity.html>
[INFO] [stdout] 
[INFO] [stdout] 
[INFO] [stdout] error[E0432]: unresolved import `docker`
[INFO] [stdout]   --> src/test.rs:19:5
[INFO] [stdout]    |
[INFO] [stdout] 19 | use docker::create_http_request;
[INFO] [stdout]    |     ^^^^^^ help: a similar path exists: `crate::docker`
[INFO] [stdout]    |
[INFO] [stdout]    = note: `use` statements changed in Rust 2018; read more at <https://doc.rust-lang.org/edition-guide/rust-2018/module-system/path-clarity.html>
[INFO] [stdout] 
[INFO] [stdout] 
[INFO] [stdout] warning: use of deprecated associated function `std::error::Error::description`: use the Display impl or to_string()
[INFO] [stdout]    --> src/docker.rs:135:83
[INFO] [stdout]     |
[INFO] [stdout] 135 |             Err(e) => Err(std::io::Error::new(std::io::ErrorKind::InvalidInput, e.description()))
[INFO] [stdout]     |                                                                                   ^^^^^^^^^^^
[INFO] [stdout]     |
[INFO] [stdout]     = note: `#[warn(deprecated)]` on by default
[INFO] [stdout] 
[INFO] [stdout] 
[INFO] [stdout] warning: use of deprecated associated function `std::error::Error::description`: use the Display impl or to_string()
[INFO] [stdout]    --> src/docker.rs:146:49
[INFO] [stdout]     |
[INFO] [stdout] 146 | ...                   e.description()));
[INFO] [stdout]     |                         ^^^^^^^^^^^
[INFO] [stdout] 
[INFO] [stdout] 
[INFO] [stdout] warning: use of deprecated associated function `std::error::Error::description`: use the Display impl or to_string()
[INFO] [stdout]    --> src/docker.rs:202:49
[INFO] [stdout]     |
[INFO] [stdout] 202 | ...                   e.description()));
[INFO] [stdout]     |                         ^^^^^^^^^^^
[INFO] [stdout] 
[INFO] [stdout] 
[INFO] [stdout] warning: use of deprecated associated function `std::error::Error::description`: use the Display impl or to_string()
[INFO] [stdout]    --> src/docker.rs:223:49
[INFO] [stdout]     |
[INFO] [stdout] 223 | ...                   e.description());
[INFO] [stdout]     |                         ^^^^^^^^^^^
[INFO] [stdout] 
[INFO] [stdout] 
[INFO] [stdout] warning: use of deprecated associated function `std::error::Error::description`: use the Display impl or to_string()
[INFO] [stdout]    --> src/docker.rs:238:49
[INFO] [stdout]     |
[INFO] [stdout] 238 | ...                   e.description());
[INFO] [stdout]     |                         ^^^^^^^^^^^
[INFO] [stdout] 
[INFO] [stdout] 
[INFO] [stdout] warning: use of deprecated associated function `std::error::Error::description`: use the Display impl or to_string()
[INFO] [stdout]    --> src/docker.rs:310:49
[INFO] [stdout]     |
[INFO] [stdout] 310 | ...                   e.description());
[INFO] [stdout]     |                         ^^^^^^^^^^^
[INFO] [stdout] 
[INFO] [stdout] 
[INFO] [stdout] warning: use of deprecated associated function `std::error::Error::description`: use the Display impl or to_string()
[INFO] [stdout]    --> src/docker.rs:332:83
[INFO] [stdout]     |
[INFO] [stdout] 332 |             Err(e) => Err(std::io::Error::new(std::io::ErrorKind::InvalidInput, e.description()))
[INFO] [stdout]     |                                                                                   ^^^^^^^^^^^
[INFO] [stdout] 
[INFO] [stdout] 
[INFO] [stdout] warning: use of deprecated associated function `std::error::Error::description`: use the Display impl or to_string()
[INFO] [stdout]    --> src/docker.rs:352:49
[INFO] [stdout]     |
[INFO] [stdout] 352 | ...                   e.description());
[INFO] [stdout]     |                         ^^^^^^^^^^^
[INFO] [stdout] 
[INFO] [stdout] 
[INFO] [stdout] warning: use of deprecated associated function `std::error::Error::description`: use the Display impl or to_string()
[INFO] [stdout]    --> src/docker.rs:370:49
[INFO] [stdout]     |
[INFO] [stdout] 370 | ...                   e.description());
[INFO] [stdout]     |                         ^^^^^^^^^^^
[INFO] [stdout] 
[INFO] [stdout] 
[INFO] [stdout] warning: use of deprecated associated function `std::error::Error::description`: use the Display impl or to_string()
[INFO] [stdout]    --> src/docker.rs:384:49
[INFO] [stdout]     |
[INFO] [stdout] 384 | ...                   e.description());
[INFO] [stdout]     |                         ^^^^^^^^^^^
[INFO] [stdout] 
[INFO] [stdout] 
[INFO] [stdout] warning: use of deprecated associated function `std::error::Error::description`: use the Display impl or to_string()
[INFO] [stdout]    --> src/docker.rs:398:49
[INFO] [stdout]     |
[INFO] [stdout] 398 | ...                   e.description());
[INFO] [stdout]     |                         ^^^^^^^^^^^
[INFO] [stdout] 
[INFO] [stdout] 
[INFO] [stdout] warning: use of deprecated associated function `std::error::Error::description`: use the Display impl or to_string()
[INFO] [stdout]    --> src/docker.rs:412:49
[INFO] [stdout]     |
[INFO] [stdout] 412 | ...                   e.description());
[INFO] [stdout]     |                         ^^^^^^^^^^^
[INFO] [stdout] 
[INFO] [stdout] 
[INFO] [stdout] warning: use of deprecated associated function `std::error::Error::description`: use the Display impl or to_string()
[INFO] [stdout]    --> src/docker.rs:437:83
[INFO] [stdout]     |
[INFO] [stdout] 437 |                 let err = std::io::Error::new(std::io::ErrorKind::InvalidInput, e.description());
[INFO] [stdout]     |                                                                                   ^^^^^^^^^^^
[INFO] [stdout] 
[INFO] [stdout] 
[INFO] [stdout] warning: use of deprecated associated function `std::error::Error::description`: use the Display impl or to_string()
[INFO] [stdout]    --> src/docker.rs:135:83
[INFO] [stdout]     |
[INFO] [stdout] 135 |             Err(e) => Err(std::io::Error::new(std::io::ErrorKind::InvalidInput, e.description()))
[INFO] [stdout]     |                                                                                   ^^^^^^^^^^^
[INFO] [stdout]     |
[INFO] [stdout]     = note: `#[warn(deprecated)]` on by default
[INFO] [stdout] 
[INFO] [stdout] 
[INFO] [stdout] warning: use of deprecated associated function `std::error::Error::description`: use the Display impl or to_string()
[INFO] [stdout]    --> src/docker.rs:146:49
[INFO] [stdout]     |
[INFO] [stdout] 146 | ...                   e.description()));
[INFO] [stdout]     |                         ^^^^^^^^^^^
[INFO] [stdout] 
[INFO] [stdout] 
[INFO] [stdout] warning: use of deprecated associated function `std::error::Error::description`: use the Display impl or to_string()
[INFO] [stdout]    --> src/docker.rs:202:49
[INFO] [stdout]     |
[INFO] [stdout] 202 | ...                   e.description()));
[INFO] [stdout]     |                         ^^^^^^^^^^^
[INFO] [stdout] 
[INFO] [stdout] 
[INFO] [stdout] warning: use of deprecated associated function `std::error::Error::description`: use the Display impl or to_string()
[INFO] [stdout]    --> src/docker.rs:223:49
[INFO] [stdout]     |
[INFO] [stdout] 223 | ...                   e.description());
[INFO] [stdout]     |                         ^^^^^^^^^^^
[INFO] [stdout] 
[INFO] [stdout] 
[INFO] [stdout] warning: use of deprecated associated function `std::error::Error::description`: use the Display impl or to_string()
[INFO] [stdout]    --> src/docker.rs:238:49
[INFO] [stdout]     |
[INFO] [stdout] 238 | ...                   e.description());
[INFO] [stdout]     |                         ^^^^^^^^^^^
[INFO] [stdout] 
[INFO] [stdout] 
[INFO] [stdout] warning: use of deprecated associated function `std::error::Error::description`: use the Display impl or to_string()
[INFO] [stdout]    --> src/docker.rs:310:49
[INFO] [stdout]     |
[INFO] [stdout] 310 | ...                   e.description());
[INFO] [stdout]     |                         ^^^^^^^^^^^
[INFO] [stdout] 
[INFO] [stdout] 
[INFO] [stdout] warning: use of deprecated associated function `std::error::Error::description`: use the Display impl or to_string()
[INFO] [stdout]    --> src/docker.rs:332:83
[INFO] [stdout]     |
[INFO] [stdout] 332 |             Err(e) => Err(std::io::Error::new(std::io::ErrorKind::InvalidInput, e.description()))
[INFO] [stdout]     |                                                                                   ^^^^^^^^^^^
[INFO] [stdout] 
[INFO] [stdout] 
[INFO] [stdout] warning: use of deprecated associated function `std::error::Error::description`: use the Display impl or to_string()
[INFO] [stdout]    --> src/docker.rs:352:49
[INFO] [stdout]     |
[INFO] [stdout] 352 | ...                   e.description());
[INFO] [stdout]     |                         ^^^^^^^^^^^
[INFO] [stdout] 
[INFO] [stdout] 
[INFO] [stdout] warning: use of deprecated associated function `std::error::Error::description`: use the Display impl or to_string()
[INFO] [stdout]    --> src/docker.rs:370:49
[INFO] [stdout]     |
[INFO] [stdout] 370 | ...                   e.description());
[INFO] [stdout]     |                         ^^^^^^^^^^^
[INFO] [stdout] 
[INFO] [stdout] 
[INFO] [stdout] warning: use of deprecated associated function `std::error::Error::description`: use the Display impl or to_string()
[INFO] [stdout]    --> src/docker.rs:384:49
[INFO] [stdout]     |
[INFO] [stdout] 384 | ...                   e.description());
[INFO] [stdout]     |                         ^^^^^^^^^^^
[INFO] [stdout] 
[INFO] [stdout] 
[INFO] [stdout] warning: use of deprecated associated function `std::error::Error::description`: use the Display impl or to_string()
[INFO] [stdout]    --> src/docker.rs:398:49
[INFO] [stdout]     |
[INFO] [stdout] 398 | ...                   e.description());
[INFO] [stdout]     |                         ^^^^^^^^^^^
[INFO] [stdout] 
[INFO] [stdout] 
[INFO] [stdout] warning: use of deprecated associated function `std::error::Error::description`: use the Display impl or to_string()
[INFO] [stdout]    --> src/docker.rs:412:49
[INFO] [stdout]     |
[INFO] [stdout] 412 | ...                   e.description());
[INFO] [stdout]     |                         ^^^^^^^^^^^
[INFO] [stdout] 
[INFO] [stdout] 
[INFO] [stdout] warning: use of deprecated associated function `std::error::Error::description`: use the Display impl or to_string()
[INFO] [stdout]    --> src/docker.rs:437:83
[INFO] [stdout]     |
[INFO] [stdout] 437 |                 let err = std::io::Error::new(std::io::ErrorKind::InvalidInput, e.description());
[INFO] [stdout]     |                                                                                   ^^^^^^^^^^^
[INFO] [stdout] 
[INFO] [stdout] 
[INFO] [stdout] error: aborting due to 9 previous errors; 13 warnings emitted
[INFO] [stdout] 
[INFO] [stdout] 
[INFO] [stdout] For more information about this error, try `rustc --explain E0432`.
[INFO] [stdout] 
[INFO] [stderr] error: could not compile `rs-docker`.
[INFO] [stderr] 
[INFO] [stderr] To learn more, run the command again with --verbose.
[INFO] [stderr] warning: build failed, waiting for other jobs to finish...
[INFO] [stdout] warning: 13 warnings emitted
[INFO] [stdout] 
[INFO] [stdout] 
[INFO] [stderr] error: build failed
[INFO] running `Command { std: "docker" "inspect" "31b589c3598c69556b850b37274aa509f319d8f4c2164bd3db046bfaff0c9c3b", kill_on_drop: false }`
[INFO] running `Command { std: "docker" "rm" "-f" "31b589c3598c69556b850b37274aa509f319d8f4c2164bd3db046bfaff0c9c3b", kill_on_drop: false }`
[INFO] [stdout] 31b589c3598c69556b850b37274aa509f319d8f4c2164bd3db046bfaff0c9c3b
